-7
Let v(p) = 2*p**2 - 4*p + 4. Let y = 77 - 78. Let q be -26 - -26 - 3*y*1. What is v(q)?
10
Let w(d) = -d**2 - 10*d - 4. Let g(u) = 2*u. Let k(b) = 2*g(b) + w(b). What is k(-6)?
-4
Suppose -2*n + 3 + 1 = 0. Suppose n*h + 10 - 4 = 0. Let f(j) be the third derivative of -j**4/12 + 2*j**2. Give f(h).
6
Let v = 14 - -10. Let a = -25 + v. Let w(n) be the second derivative of 5*n**3/3 + n**2/2 + 8*n. Determine w(a).
-9
Let w(z) = -226 - 224 + 2*z + 458. Calculate w(0).
8
Let d(u) = u**3 - 5*u**2 + 4*u - 9. Let q = -1483 + 1489. Give d(q).
51
Let t(g) = -4*g - 9. Suppose 0*n - 65 = -5*n. Let l(r) = 9*r + 19. Let s(h) = n*t(h) + 6*l(h). Suppose 0 = 45*w - 42*w - 9. What is s(w)?
3
Suppose -5*b - 17 = -3*g - 10*b, 2*g = -b + 9. Let n(f) = -3*f**2 + 4. Give n(g).
-44
Let j(q) = -3*q**3. Suppose 3*a + 7 - 10 = 0. Let c be (0 - 0) + a + 2. Suppose 0 = 2*g - p + 4, p + 9 = -5*g + c*p. Determine j(g).
3
Suppose -5*m - 10 = -5*s, 0 = 5*s - 0*s - 4*m - 10. Let g be ((-7)/21)/(s/(-6)). Let v(h) = 3 - 2 + 0 - h + g. What is v(5)?
-3
Let b(y) = y**2 + 7*y + 5. Let x be b(-5). Let g = 65 - 63. Let f(h) = -2*h + 3 + 4*h**2 + h**g + 3*h**3 - h**2 - 2*h**3. Determine f(x).
-12
Let d(n) be the first derivative of n**4/4 + 16*n**3/3 + 8*n**2 + 22*n + 24. What is d(-15)?
7
Let k(z) = z**3 - 11*z**2 + 17*z - 22. Let n be k(10). Suppose -2*m + n = -10*m. Let w(x) = -x - 5. Give w(m).
1
Let p = -1308 - -1309. Let u(i) = i**2 + 4*i - 5. Give u(p).
0
Let f be (-12)/30 - (-12)/(-20). Let g(i) = 10*i - 3. What is g(f)?
-13
Suppose 5*i - p = 11, -4*p = 5*i - p - 27. Let s(u) = 9*u - i*u + u + u**2 - 6 + 2*u. What is s(-10)?
4
Let a(i) = 3*i. Let s(o) = 3*o + 1. Let z(v) = -5*a(v) + 6*s(v). Let g(m) = -1. Let t(w) = -6*g(w) - z(w). Calculate t(-2).
6
Let u = 16 + -36. Let c = 20 + u. Let l(i) = 2 - i + c - 3. Give l(-5).
4
Let k be ((-4)/6)/((-46)/207). Let z(t) be the second derivative of 3*t**2 + 155*t - 5*t**k + 2*t**3 - 164*t + 4*t**3. Calculate z(-4).
-18
Let x(d) be the third derivative of -d**4/12 - 2*d**3/3 + 29*d**2. Determine x(-4).
4
Let y(o) be the third derivative of -o**4/8 + o**3/3 - o**2. Let k be 20/70 - (1 + (-813)/21). Suppose 9*m - 11 = -k. Calculate y(m).
11
Let v(l) be the first derivative of -l**3 - l**2 - 4*l - 247. Calculate v(-2).
-12
Let g be (-16)/64 + (-21)/(-4). Let w(v) = -2*v**2 + 8*v - 5. Calculate w(g).
-15
Let r(h) be the third derivative of 0 - 12*h**2 + 1/6*h**4 + 1/360*h**6 + 0*h - 1/30*h**5 + 5/3*h**3. Let d(i) be the first derivative of r(i). Determine d(3).
1
Let b(l) = 2*l - 29. Let c(f) = -12*f**3 + 4*f**2 - f - 1. Let t be c(-1). Give b(t).
3
Let t be (-3 + 3)*(3 - 2). Let o(r) be the third derivative of -r**4/24 - r**3/6 - 247*r**2. What is o(t)?
-1
Suppose -3 = 2*l - 3*u - 9, 39 = 3*l + 3*u. Let w = l + -8. Let y be (w - 3)*(-30)/(-12). Let g(c) = -c**3 - 6*c**2 - 6*c - 2. Determine g(y).
3
Suppose -84 = -188*b + 202*b. Let l(y) = -5*y + 3. Determine l(b).
33
Suppose 0*c + 10 = 2*c. Suppose -c*g + 0 = 5. Let i(l) = 2*l - 1. What is i(g)?
-3
Let s(x) = -x**3 - 7*x**2 - 8*x - 5. Let d(b) = -b - 2*b + 5*b + 17 - 3. Let t(y) = y + 13. Let p(a) = 2*d(a) - 3*t(a). Let o be p(5). What is s(o)?
7
Let z(l) = -2*l - 1. Let m be z(-1). Let v(x) be the third derivative of x**5/12 + x**4/24 - x**3/6 + 3*x**2. Give v(m).
5
Let g(a) = 3*a**2 + 7*a + 4. Let y be (-3)/(((-54)/(-24))/3). Determine g(y).
24
Let o(w) be the second derivative of -w**3/6 + 2*w**2 + w. Suppose -2 = 2*r, 0 = q + 4*q + 2*r - 38. Calculate o(q).
-4
Let i(h) = 4*h**3 + 0*h - 3*h**2 + 0*h - 3*h**3. Let y = -590 - -593. Determine i(y).
0
Let t(v) = v**2 + 2*v - 3. Let y(x) = -3*x**2 - 8*x. Let q(b) = -2*b**2 - 7*b. Let m(f) = 7*q(f) - 6*y(f). Let n be m(1). Suppose -o - n*o = 20. What is t(o)?
12
Let t be 8/6*-1*(-57)/(-38). Let k(s) = -s**3 - 4*s**2 - 6*s + 1. Let l(p) = -p**3 - 4*p**2 - 5*p + 1. Let n(y) = 3*k(y) - 4*l(y). Determine n(t).
3
Suppose 4*z - y + 28 = y, 0 = z - 5*y + 16. Let m(i) = 3*i - 3. Let r be m(2). Let q(d) = -5 + 3*d**3 - d - 2*d + 4*d**3 - 6*d**r + 6*d**2. Determine q(z).
13
Let j(f) be the third derivative of 0*f**3 + 1/15*f**5 + 1/120*f**6 + 1/24*f**4 + 0 + 6*f**2 + 0*f. Suppose 2*m + 3 = -1. What is j(m)?
6
Let r = -744 - -742. Let u(z) be the second derivative of 5*z**4/12 - 2*z**3/3 - 3*z**2/2 - 3*z. Calculate u(r).
25
Let m be (4/(-6))/((-1)/15). Suppose s + 3*c = -6, -5*s + 25 + m = 2*c. Let l be s/(-6) + (-3)/6. Let r(p) = 2*p**2 + 2*p + 2. What is r(l)?
6
Suppose 5*v + 3*f = 18, 2*v + 2*f + 4 = -2*f. Let p(t) = -t**2 - 7*t + 2. Let i be p(-6). Let h(r) = i - 2 + 2*r**2 - 87*r - r**2 + 80*r. Give h(v).
0
Let d be -6 - -2 - (0 - 20). Let r(a) = 13*a - 5 - 27*a + d*a. What is r(6)?
7
Let k(v) = -v - 1. Let p(d) = -d**3 + 6*d**2 + 9*d + 3. Let l(g) = 6*k(g) + p(g). Let h(o) = o**2 - 3*o + 2. Let c be h(4). What is l(c)?
15
Suppose 4*t = -p + 40, t + 0*p + 5*p = 10. Let y = 618 + -617. Let o be t*y*(-12)/(-24). Let j(c) = -c**3 + 5*c**2 - 2*c + 1. Determine j(o).
-9
Let a(n) = -7*n**2 + 16*n + 11. Let j(o) = 8*o**2 - 17*o - 12. Let p(d) = -7*a(d) - 6*j(d). Let t be (-1 + 16/6)*6. What is p(t)?
-5
Let u(t) be the first derivative of 1/3*t**3 + 3*t - 9/2*t**2 - 36. Give u(8).
-5
Let c(j) = j**3 - 6*j**2 + 3*j. Let r = 42 - 40. Let k be (1 + 0)/(r/12). Calculate c(k).
18
Let b = 12 - 5. Let c(r) be the second derivative of -r**4/12 + r**3 - r**2 + 14*r. Let d(h) = h**2 - 5*h + 1. Let x(z) = b*d(z) + 6*c(z). Calculate x(-4).
7
Let z(g) = -g**2 + 8*g + 12. Suppose 5*w = -7 + 2. Let a be (-1)/4 + ((-66)/(-8) - w). Give z(a).
3
Let t(i) be the third derivative of 0*i - 1/3*i**3 + 1/120*i**6 + 0 - 1/24*i**4 - 1/60*i**5 - 7*i**2. Calculate t(0).
-2
Let p(f) = f**3 - 9*f**2 - 10*f + 3. Let g be p(10). Suppose g*w = -w - 4. Let l(z) = 4*z**2 - z - 1. Give l(w).
4
Let k = -9 - 14. Let b(g) = -g**3 - 24*g**2 - 23*g. Give b(k).
0
Let z be 5 - 3 - (-12 + 7 - -3). Let c(y) = 6*y. Let q be c(2). Let k be (z/q)/(1/(-9)). Let m(n) = n - 1. Give m(k).
-4
Let m(p) = -3 + 9 - 2. Let n = 7 - 8. Let v(x) = x - 1. Let s(r) = n*m(r) - 2*v(r). Calculate s(3).
-8
Let a be (-3)/(-1)*7/7. Let n = 5 - 5. Let r(b) = 1 + 0 - 3*b + n*b - b**3 + 5*b**2. Calculate r(a).
10
Let g = -7305 - -7302. Let c(r) = -2*r + 10. Let n(o) = -o + 9. Let s(k) = -2*c(k) + 3*n(k). Calculate s(g).
4
Let n(l) = l**2 + l + 2. Let j(h) = h**3 - 10*h**2 - h + 13. Let i be j(10). Determine n(i).
14
Let a be ((-21)/(-35))/(2/10). Suppose -a*s = -5 - 1. Let f(g) = -14*g**2 + 5*g**2 + 3*g**s + 5*g**2 - 2 - 4*g. Determine f(-4).
-2
Let t be (-4 + 11/2)*2. Let z = 14 + -15. Let i(g) = 4*g - 3. Let c(v) = -v + 1. Let d(w) = z*i(w) - 2*c(w). What is d(t)?
-5
Let v be 4/(-18) - 392/(-63). Let t(x) be the second derivative of x**3 - 3*x**2 + 14*x. Let z(d) = 7*d - 7. Let g(w) = -6*t(w) + 5*z(w). Give g(v).
-5
Let y(b) = -2*b + 2. Suppose 16 = 4*t, v = -v - 4*t + 6. Let u(n) = -n + 1. Let h(d) = v*y(d) + 6*u(d). Give h(3).
8
Let z(h) = -2*h - 64 + 128 - 65. Let g(r) = -5*r - 2. Let j(v) = 3*g(v) - 8*z(v). Determine j(-3).
-1
Let c(n) = -n - 238*n**2 - 246*n**2 - 5 + 485*n**2. Let y(j) = -j**2 - 1. Let o(f) = c(f) - 5*y(f). Let i be -2 + 1/(-1 - -2). What is o(i)?
7
Let h(v) = -v**3 - 6*v**2 - 3*v + 1. Suppose -2*m - 28 = 4*f, -9*f = -13*f - m - 24. Give h(f).
-9
Let t(x) = -x**3 - 6*x**2 - 1. Let s(y) = -4*y**2 + 4*y + 2. Let a(n) = -3*n - 16. Let v be a(-6). Let m be s(v). Give t(m).
-1
Let x(d) = 2*d**3 + 2*d**2 + d - 1. Let w(r) = 3*r**3 - 10*r**2 - 12*r + 2. Let y(c) = -w(c) + x(c). What is y(13)?
-3
Let v(w) = w**2 + 7*w - 2. Let p = -19 + 37. Let y be (-6)/p - 34/6. Calculate v(y).
-8
Let z(r) = -3*r**3 + 19*r**2 + 15*r - 20. Let o(j) = -2*j**3 + 12*j**2 + 10*j - 13. Let a(p) = 8*o(p) - 5*z(p). Determine a(3).
-7
Let j(h) be the second derivative of h**3/3 - 6*h**2 - 33*h - 4. Give j(8).
4
Let c(o) be the first derivative of -o**3 + o**2/2 + 2*o + 37. Let w(y) = -4*y**2 + y + 3. Let x(b) = 5*c(b) - 4*w(b). Give x(-3).
4
Let r(d) = 4*d + 12. Suppose 38 = -10*f + 8. Give r(f).
0
Let x(s) = -13*s + 13. Let n(c) = -27*c + 27. Let u(w) = -4*n(w) + 9*x(w). Let h(d) = -5*d + 4. Let i(a) = 7*h(a) - 4*u(a). Give i(-7).
-15
Let g(a) be the first derivative of -a - 3 + 1/2*a**2. Let b be 0 + 3 - (-4 + 0 - -8). Give 